- 4) + (49 - 37)?
-9
What is -15 + (13 - 10) + (18 - 12)?
-6
Evaluate -17 + 5 + -15 + 15.
-12
Calculate -15 - (-33 + 1 - -27).
-10
8 - (9 + -2 + (-2 - 0))
3
What is -15 - (8 + -19) - ((2 - -3) + 0)?
-9
Evaluate 9 - 1 - (-49 - (-7 + -34)).
16
(-1 - -2) + 18 + -11 + 7 + -3
12
What is the value of -11 + 42 + -16 + -28?
-13
Evaluate (16 + -31 - (-1 - 1)) + (-18 - -15).
-16
What is the value of 1 - (8 - 15 - (-5 + -32))?
-29
What is the value of (3 - 10) + 6 - -1 - -3 - -1?
4
Evaluate (-425 - -466) + -1 + -31.
9
What is (-6 - -4 - 4) + (-1 - -5) + 1?
-1
Evaluate 18 - 32 - -4 - -15.
5
What is the value of -5 - (-3 - -3 - (-2 + 5))?
-2
Evaluate 12 - ((-8 - (-27 - -9)) + 22).
-20
What is the value of 19 + 17 + -45 + 15?
6
What is the value of (13 + -5 - 27) + 13?
-6
Evaluate 0 + -5 + 18 + -4.
9
Calculate (-42 + 35 - 0) + 27.
20
Evaluate 3 + (-4 - -3) + 1 - (70 + -55).
-12
(-13 - 10) + (1 - 3 - -3)
-22
Evaluate 32 + -48 - -5 - (9 + 5).
-25
-5 + 3 + -7 + 15
6
What is the value of 4 + (15 - 5 - 6 - -6) + -6?
8
What is the value of 15 - (12 - 14 - -13)?
4
Calculate 0 + -5 + 3 + 34 + -696 + 688.
24
What is the value of 2 + -30 + 5 - -16?
-7
Calculate (60 + -13 + -43 - (1 - 3)) + -41.
-35
(-14 + 4 - (-11 - 0)) + -3
-2
(10 - -20) + -22 - ((2 - 4) + -6)
16
Evaluate -1043 + 1034 + -2 + 7.
-4
What is the value of (9 - 11) + 0 + 2 + 11?
11
5 + -6 + -155 + 163
7
What is the value of 29 + 27 + -47 - 8?
1
Evaluate 0 + (-3 - ((-10 - (-4 - -2)) + 7)).
-2
What is -9 + (-10 - (-3 - 8) - 0)?
-8
What is -14 - (-11 - 3) - (-7 - (-1 + -35))?
-29
What is the value of 12 + 3 + (3 + -3 - 5)?
10
Evaluate 13 - (-14 + 15) - 4.
8
Calculate -18 + (3 - -11) - (11 + -3).
-12
What is -3 - (6 + -6 + 7 + -6 + -6)?
2
-10 - (-34 - -15 - -32)
-23
Calculate (0 - 27) + 20 - 11.
-18
What is the value of 3 - 27 - (19 + -30) - -17?
4
What is -2 - (-1 + (13 - 7))?
-7
Evaluate -40 - -40 - (-20 + 1).
19
What is the value of 6 + 18 + -1 + -8 + -10?
5
What is -29 + 30 - 10 - (2 - (-8 + -1))?
-20
What is the value of (-8 - 0) + -23 + 24 + -12?
-19
Calculate -34 + 42 + (-9 - -6 - 0).
5
Evaluate 0 + -2 - (-404 + 408).
-6
Calculate -1 + 7 + -6 + -6 + 3 - -26.
23
What is the value of (-3 + 1 - (-10 + 2)) + 4?
10
Calculate -7 + 57 + (14 - 34).
30
Calculate (3 - -3) + -9 + -4 - -16 - 0.
9
Evaluate -22 - (-12 + 6 + 13 - (16 + 0)).
-13
What is -19 - -1 - (-1390 + 1362)?
10
Calculate 19 - (37 - 39) - 51.
-30
-2 - (442 + -441 - (-2 - (-2 + -25)))
22
What is -32 - (21 - 20 - 18)?
-15
What is 0 - -10 - (80 + -59)?
-11
What is the value of (-6 - (9 - (20 + -10))) + 4?
-1
What is 19 + (-16 - -13) + -17 + -29?
-30
(25 - 23 - (8 + -1)) + 2
-3
Calculate -47 + 71 - 36 - (1 + -2).
-11
-2 + (5 + -1 + -4 - 3 - -6)
1
Evaluate 7 - (4 - 3) - (2 + -15).
19
Calculate 22 + -8 - ((14 - 6) + -1).
7
Calculate 18 + 6 + -13 + -1 - -2.
12
Evaluate -28 + 41 - (5 - 4).
12
-2 + 19 - 13 - 19
-15
What is the value of -12 + -5 + 7 + -5 + (-2 - -3)?
-14
-3 + 5 + (-44 - -47)
5
What is 7 + -1 + 6 - (10 + 2)?
0
What is the value of -6 + (4 - ((-7 - -7) + 5 - 9))?
2
What is -9 + 21 + (-3 - -6) - 10?
5
Evaluate (-9 + 21 + -36 - -13) + (-8 - 0).
-19
What is the value of 22 + -5 + (12 - (2 - -6 - 9))?
30
Evaluate -7 - (1 + -3 + 7 + -5 - 1).
-6
What is the value of (-7 - (-6 - -5)) + 0 - (9 + -5)?
-10
Evaluate 22 + 4 + -2 - (-6 + (1 - -10)).
19
-17 - (-7 - 37 - -6)
21
-1 + 6 + 0 - (-54 + 19 - -29)
11
Calculate -4 + (-2 - (1 - -1)) + 89 + -92.
-11
Calculate -1 + -16 + 4 + 2.
-11
Evaluate 1 - -10 - (16 - 2) - -10.
7
What is (-6 + -9 - -9) + 1 + 7?
2
Evaluate (-3 - -6) + -342 + 299.
-40
What is the value of (17 - 16) + -11 + 2 + (0 - 0)?
-8
What is the value of -1 + 1 - (-15 + (35 - 20 - 29))?
29
What is (5 - (-10 - (-10 + 15))) + 3?
23
Evaluate 4 + (-3 - -4) - (56 + -42) - -24.
15
Evaluate -5 - (3 - (19 + (-18 - -11))).
4
What is the value of -1 + (-15 - (-8 - -6)) + -3?
-17
7 + -7 + (-9 - 4 - -18)
5
Evaluate 6 - (10 + (1 - (3 + 2))).
0
Calculate -7 + 10 + -10 + -3 + 13.
3
What is (10 - 39) + 37 + (0 - -6)?
14
What is (-13 - -14) + -8 + 0 + (-102 - -89)?
-20
What is 7 + (-3 - (6 + -10)) + 3?
11
(18 - (29 + -51)) + -20
20
What is the value of 2 + -8 + (2 - (-5 - (9 - 8)))?
2
Evaluate -12 + 4 + 2 + 2 - -5.
1
Evaluate 2 + -7 + 6 + -4 + -5.
-8
Calculate (-360 - -378) + 0 + -29.
-11
What is (4 - (-11 - 4 - -1)) + -43?
-25
15 + (-44 + 31 - (7 + -6 - 11))
12
Evaluate 5 - ((-6 - (11 + 0)) + 8 - -28).
-14
Evaluate 6 + 8 + (-11 - 2).
1
Evaluate 26 - (0 - 5 - -12) - 3.
16
What is the value of 14 - (29 - 12 - (-1 + 11))?
7
What is the value of 31 + (-1 - 7) + -1 + -7 + 4?
19
Evaluate -2 + 1 + (-1 - 13 - -22) + 5.
12
Calculate -202 + 243 - (21 - 5).
25
18 - (-7 + (4 - -3))
18
What is -10 + 31 - 8 - (-2 - 0)?
15
Evaluate (-19 - -31 - 22) + (-1 - -25).
14
(-8 + 30 - (13 - 3)) + 2
14
What is the value of 8 - (-12 - (-29 + 16))?
7
(-4 + 6 - 11) + (2 - 9)
-16
Calculate -31 + (52 + -24 - -1).
-2
Calculate -4 + (80 - 73 - (-11 + 1)).
13
-14 - -18 - (2 - 5 - (0 + 1))
8
What is -21 - (3 + -13) - 1?
-12
Calculate 98 + -93 - (1 - -17) - -11.
-2
-21 - (-18 + (-29 - -6))
20
What is the value of -2 - 0 - -3 - (20 + -10 + -12)?
3
-7 - (-1 - -7 - (-20 - -12 - -15))
-6
Calculate 1034 + -1015 - (0 + -2 - -3 - 0).
18
Evaluate (-7 - 0) + (4 - (-3 - -8)).
-8
What is the value of 0 + 0 - (28 - 31)?
3
What is 9 + (8 - 11) + -8?
-2
5 - (-6 + 11) - -2 - (-4 + -1)
7
What is the value of 2 + -4 + 2 - (-35 + 5 + 35)?
-5
What is the value of (-4 + 0 - 21) + (5 - -13)?
-7
Calculate -6 - (-15 + 16) - -14.
7
4 + -1 + 2 - (-6 - -9 - 3)
5
Calculate -4 - (0 + -2 + -3 + 1).
0
Evaluate (2 - 5) + -7 + 14 + -16.
-12
Evaluate -7 + 0 - (-32 - -36).
-11
What is (-272 - -276) + (-7 - 0) - (-18 - 1)?
16
What is -12 - (13 + -1 + -12)?
-12
-16 - (-22 + 21 + -32)
17
Calculate -15 + 34 + -27 - (-1 - (-3 + 15)).
5
Evaluate (-9 - 22) + (24 - -8).
1
What is -2 + (-2 - -49) + -144 + 130?
31
Calculate -1 + -3 + 13 - -3.
12
Calculate -5 - (27 + -10 - 17).
-5
-18 + 1 + 15 - 16 - (0 - 3)
-15
9 + 6 + 8 + -4 + -1
18
Calculate (-1 - (-4 - 0)) + (11 - 0).
14
Evaluate 8 + 15 + -10 + -4 + -14.
-5
Evaluate (-3 + -14 + 15 - 6) + (1 - -3).
-4
What is the value of 2 + 7 + -3 - (6 + -15 - -7)?
8
What is -1 - (-6 - (-11 + 3 + (9 - 0)))?
6
Calculate 1 + (-1 - -3 - (-6 - -7)).
2
What is (0 - -6 - (28 + (32 - 66))) + 3?
15
Evaluate 3 - -1 - ((11 - (12 + 6)) + 7).
4
What is (-1 - (-15 + 27) - -31) + -16?
2
Evaluate 3 + 3 + -3 + 1 + (-1 - 18).
-15
Calculate 3 + -2 + 7 + -12.
-4
Calculate 14 - (-4 + 1 - (-18 - -8)).
7
What is 1 + -10 - (-4 - -27 - 62)?
30
What is -15 + 13 + -4 + (-2 - -7)?
-1
What is (16 - 4) + -20 - (3 + -14 + -4)?
7
Calculate (3 - ((6 - -4) + -19)) + 4.
16
What is -164 + 124 - (-8 + -4 + 2)?
-30
What is -1 + -7 - (-49 + 39 + -1 + -2)?
5
Calculate (-9 - 18) + -2 + 7 + -4.
-26
Evaluate (-4 - (0 + -1)) + (-1 - -1) + 6.
3
Evaluate (-10 - (3 + -12)) + -1 + -10.
-12
-22 + (0 - 0) + 3 + 2 + 2
-15
What is -11 - (-19 + -4 - -18)?
-6
Evaluate (-1 + 11 - 0) + (29 - 35) + 3.
7
Calculate -18 - (-8 - (10 + -20 + 5)).
-15
20 + (0 + (-1 - 6) - 3)
10
Calculate 13 + (32 - 31 - -3).
17
What is the value of 4 - (12 + 0 + -7 + -26 + 31)?
-6
Evaluate 38 - (12 - (-3 - -5 - (6 + -5))).
27
Calculate ((-33 - -20) + 12 - 23) + 0 + 7.
-17
Calculate (8 - (-1 + (0 - 7) + 9)) + -31.
-24
Evaluate (2 - 0) + (450 - 458) + 5 + 11.
10
Calculate (15 - 11) + -2 + 5 + 7 + -3.
11
Evaluate (-13 - -2) + (-3 - -4 - 1) + 5.
-6
Calculate 1 - -23 - (16 - (13 + 8 + -2)).
27
Evaluate 95 - 76 - (31 + 0).
-12
Evaluate -167 + 197 + 1 + 2 + -4.
29
Evaluate (13 + -22 - -18) + (1 - 13).
-3
-7 - (8 + -18 + 20)
-17
What is -2 + 2 + (-9 + 18 - -1 - 9)?
1
What is the value of -45 - (-31 - (26 + -33))?
-21
What is (0 - 2) + (-2 - -10) + -10?
-4
What is 25 + -11 + -12 + -14?
-12
Calculate 3 + -6 + -8 + 6 + 14.
9
What is the value of -2 + 7 + (-9 + -5 + 7 - 2)?
-4
Evaluate (10 - (-4 - 13)) + -20.
7
What is (7 + -10 - (15 + -1)) + 6?
-11
Evaluate (-35 - -13) + 13 - (-13 - 4).
8
Evaluate -14 + 2 + 11 + (-74 - -95).
20
Evaluate -23 + 6 + (-27 - -20).
-24
3 + 2 + -55 + -43 + 103
10
Calculate -16 + 10 + 9 + -9 - -9.
3
Evaluate -6 - (4 - (-4 - 1) - 13).
-2
Evaluate 8 - (-2 + -4 + (4 - 2) + 6).
6
6 + (11 + -31 - -11) + 3
0
What is the value of (22 - 11 - 11) + 1 + 8?
9
3 + 0 +